 the highest common divisor of 6611 and 77?
11
What is the highest common divisor of 130375 and 198625?
875
What is the highest common factor of 4049166 and 171?
57
Calculate the greatest common divisor of 171810 and 190.
10
Calculate the greatest common factor of 945 and 25200.
315
What is the greatest common divisor of 756 and 14427?
63
Calculate the highest common divisor of 351330 and 98.
98
What is the highest common divisor of 7011 and 8892?
171
Calculate the greatest common factor of 199 and 14632271.
199
Calculate the greatest common factor of 41229 and 4293.
81
Calculate the greatest common factor of 1134 and 6153.
21
What is the highest common factor of 27 and 1156653?
27
Calculate the highest common divisor of 1397 and 78867.
127
Calculate the highest common factor of 1854 and 3816.
18
What is the greatest common divisor of 199611 and 54?
27
What is the greatest common divisor of 220668 and 2520?
84
What is the greatest common factor of 2144 and 244148?
268
Calculate the highest common factor of 6 and 82266.
6
What is the highest common factor of 627 and 2189?
11
What is the greatest common divisor of 62375 and 1497?
499
What is the greatest common factor of 5014 and 46?
46
Calculate the greatest common divisor of 41415 and 30.
15
Calculate the greatest common divisor of 1330 and 17024.
266
Calculate the highest common divisor of 10251 and 68.
17
What is the greatest common divisor of 453033 and 51?
51
Calculate the highest common divisor of 56 and 451388.
28
Calculate the highest common divisor of 815 and 978.
163
What is the highest common factor of 651220 and 260?
20
Calculate the highest common divisor of 366527 and 21.
7
What is the highest common factor of 39 and 109317?
39
What is the greatest common divisor of 3243 and 6909?
141
What is the highest common divisor of 2309755 and 70?
35
Calculate the greatest common factor of 7680 and 330.
30
Calculate the greatest common factor of 89 and 2802699.
89
Calculate the highest common divisor of 82188 and 972.
108
Calculate the highest common factor of 1658025 and 1350.
225
Calculate the highest common divisor of 97 and 717121.
97
Calculate the highest common factor of 42 and 1721846.
14
What is the greatest common factor of 32 and 844?
4
What is the highest common divisor of 82 and 330173?
41
Calculate the greatest common divisor of 14620 and 2040.
340
Calculate the greatest common divisor of 317231 and 29.
29
What is the highest common divisor of 24760 and 70?
10
Calculate the greatest common factor of 1626 and 222.
6
What is the highest common factor of 11 and 2625?
1
What is the greatest common divisor of 10757 and 527?
31
What is the greatest common factor of 1138943 and 17459?
1027
Calculate the greatest common factor of 364 and 140.
28
What is the highest common factor of 78 and 313053?
39
Calculate the highest common factor of 116451 and 1235.
19
What is the highest common divisor of 2961 and 1413055?
329
Calculate the greatest common factor of 95906 and 11218.
158
Calculate the greatest common factor of 60951 and 99.
33
Calculate the highest common factor of 1342 and 1914.
22
What is the highest common factor of 458225 and 100?
25
Calculate the highest common divisor of 40 and 130.
10
Calculate the highest common factor of 805 and 48070.
115
What is the highest common divisor of 68904 and 2970?
594
Calculate the greatest common divisor of 290 and 12064.
58
Calculate the highest common divisor of 86500 and 10.
10
What is the greatest common divisor of 3516 and 116?
4
What is the greatest common factor of 3725425 and 209?
209
Calculate the greatest common factor of 21 and 231.
21
Calculate the greatest common divisor of 1884478 and 87.
29
Calculate the highest common factor of 37940 and 455.
35
Calculate the greatest common factor of 53352 and 3240.
216
What is the greatest common factor of 672189 and 21?
21
Calculate the greatest common factor of 286 and 822354.
26
Calculate the greatest common factor of 478 and 227050.
478
What is the greatest common factor of 3166 and 22?
2
Calculate the highest common divisor of 87900 and 250.
50
What is the greatest common factor of 2950 and 118?
118
What is the highest common divisor of 46226 and 199250?
1594
What is the greatest common divisor of 143785 and 23840?
745
Calculate the highest common divisor of 759 and 365871.
33
What is the greatest common divisor of 302 and 71423?
151
What is the greatest common divisor of 16394 and 1960?
14
Calculate the highest common divisor of 168 and 106566.
6
Calculate the highest common divisor of 8680459 and 2487.
829
What is the highest common divisor of 28935 and 8955?
45
What is the highest common divisor of 3897 and 18?
9
Calculate the greatest common divisor of 948 and 474.
474
Calculate the greatest common divisor of 13 and 719303.
13
What is the highest common factor of 539 and 484?
11
What is the greatest common divisor of 71379 and 549?
9
What is the greatest common factor of 5 and 72067?
1
Calculate the highest common factor of 1298777 and 89.
89
Calculate the highest common divisor of 20865 and 1209.
39
Calculate the highest common divisor of 243717 and 3.
3
What is the greatest common factor of 5174 and 702?
26
What is the greatest common divisor of 668736 and 258?
258
What is the greatest common factor of 260 and 28240?
20
What is the highest common divisor of 21294 and 1449?
63
What is the highest common factor of 106 and 89517?
53
Calculate the greatest common divisor of 96142 and 212.
106
What is the highest common divisor of 90 and 70092?
18
What is the greatest common factor of 14 and 10832?
2
Calculate the greatest common factor of 113034 and 138.
6
What is the greatest common divisor of 40694 and 6?
2
What is the greatest common divisor of 3600 and 75825?
225
Calculate the highest common divisor of 438 and 234914.
146
What is the highest common factor of 3161 and 58?
29
What is the highest common factor of 24 and 40986?
6
Calculate the greatest common divisor of 72 and 32328.
72
Calculate the highest common factor of 72 and 17046.
18
What is the highest common divisor of 37990 and 51745?
655
What is the highest common factor of 18194 and 24046?
22
What is the greatest common factor of 14620 and 100?
20
Calculate the highest common divisor of 252900 and 1500.
300
Calculate the highest common divisor of 2211 and 6231.
201
What is the greatest common divisor of 159105 and 540?
15
Calculate the highest common factor of 14137 and 7807.
211
Calculate the highest common divisor of 60433 and 446.
223
Calculate the greatest common factor of 126 and 2213274.
42
What is the greatest common factor of 1251 and 72?
9
What is the greatest common divisor of 12 and 791703?
3
What is the highest common factor of 13143 and 11458?
337
What is the highest common divisor of 53272 and 24?
8
Calculate the highest common divisor of 24 and 180324.
12
Calculate the highest common factor of 41286 and 546.
42
Calculate the greatest common divisor of 253575 and 483.
483
What is the greatest common factor of 76457 and 228614?
757
Calculate the greatest common factor of 22080 and 254265.
345
What is the highest common divisor of 1512 and 1029?
21
Calculate the highest common divisor of 133 and 12844.
19
Calculate the highest common divisor of 1716 and 142857.
429
Calculate the greatest common factor of 2367 and 63646.
263
Calculate the highest common factor of 7536 and 3972.
12
What is the greatest common divisor of 4599 and 1339623?
657
Calculate the highest common divisor of 620093 and 964.
241
What is the greatest common divisor of 114151 and 844?
211
Calculate the highest common divisor of 4784 and 127696.
368
What is the greatest common divisor of 483 and 51933?
21
Calculate the highest common factor of 206402 and 8050.
322
What is the greatest common divisor of 189448 and 34?
34
What is the greatest common divisor of 128 and 88384?
64
Calculate the greatest common factor of 82 and 8629598.
82
Calculate the highest common divisor of 425070 and 90.
90
What is the highest common factor of 425 and 748?
17
What is the highest common divisor of 291536 and 336?
112
What is the highest common divisor of 64378 and 80?
2
Calculate the greatest common factor of 3036 and 19932.
132
Calculate the highest commo